0101001111000001
In base 9, what is -660522 + 41?
-660471
In base 4, what is 20212111203 - 123?
20212111020
In base 16, what is -325 + 14f?
-1d6
In base 9, what is 218210 - 14?
218185
In base 5, what is 30210301112 - 1?
30210301111
In base 3, what is -22001212212 + -22010?
-22002011222
In base 6, what is -3212 - 201011?
-204223
In base 3, what is 1000 + 1102122211211202?
1102122211212202
In base 6, what is 1 + 14041434134?
14041434135
In base 14, what is -2ad7 - 12d9?
-3dd2
In base 3, what is 102 + 22220101212201?
22220101220010
In base 7, what is 32026621523 + 5?
32026621531
In base 15, what is -5c - -218172?
218115
In base 15, what is 6 - -11dbaab?
11dbab2
In base 12, what is -b174 + 1a5?
-ab8b
In base 13, what is -c4350 - -68?
-c42b5
In base 12, what is 3 + -2b34200?
-2b341b9
In base 16, what is -147d + -b22?
-1f9f
In base 8, what is -14 + 347653635?
347653621
In base 10, what is 419 - 4292?
-3873
In base 3, what is -120221121021100020 + -1?
-120221121021100021
In base 15, what is 85 + 6e5e6?
6e67b
In base 14, what is 3a1cc6 - -24?
3a1d0a
In base 9, what is 564354128 + 5?
564354134
In base 8, what is -443 - 562305?
-562750
In base 8, what is -22320 + -3265?
-25605
In base 10, what is -1 - -9663701?
9663700
In base 10, what is 85 - 129261?
-129176
In base 9, what is 45 - 188414?
-188358
In base 11, what is -2 + -29740a83?
-29740a85
In base 3, what is -11210212221211 + 11?
-11210212221200
In base 2, what is 111001010 - -10000100100001000?
10000101011010010
In base 9, what is -4712 + -323?
-5135
In base 11, what is 1 - 1965583?
-1965582
In base 7, what is -1345562454 - -4?
-1345562450
In base 9, what is -10201 + -11736?
-22037
In base 16, what is 1dc - 9e81?
-9ca5
In base 10, what is -4956 - -823?
-4133
In base 16, what is 879 - -14?
88d
In base 12, what is -2 + 2b53a1?
2b539b
In base 16, what is -1c383dd5 + 3?
-1c383dd2
In base 8, what is 4 + 23515627?
23515633
In base 13, what is 7a180 - 27?
7a156
In base 11, what is -2153867 + -72?
-2153929
In base 6, what is 531 - 21240444?
-21235513
In base 4, what is 10212121020 - 11020?
10212110000
In base 4, what is 2100023212 + 11?
2100023223
In base 16, what is 48 - -1fa9a?
1fae2
In base 10, what is 108 + -1642947?
-1642839
In base 13, what is 2a + 1b6a57?
1b6a84
In base 16, what is -6f00feb + -1?
-6f00fec
In base 8, what is -111466 + -1203?
-112671
In base 12, what is ba + 3ab7?
3bb5
In base 6, what is 5 - 10134540421?
-10134540412
In base 7, what is 1213320 - 13?
1213304
In base 16, what is 5 - -1d239b?
1d23a0
In base 12, what is -1652b55 + 16?
-1652b3b
In base 14, what is 3 - -16143d8?
16143db
In base 3, what is 211101110201 - -1211?
211101112112
In base 6, what is 540355 - -13352?
554151
In base 10, what is 835 - -3809?
4644
In base 13, what is -b7 + -815b88?
-815c72
In base 7, what is -10632 - 21612?
-32544
In base 6, what is -3215 + -5143455?
-5151114
In base 15, what is 76d9 + -2170?
5569
In base 4, what is 33 + 102000303?
102001002
In base 12, what is -2b6b309 - -7?
-2b6b302
In base 4, what is -30011302 - 11311?
-30023213
In base 3, what is 1221020102111110 + 0?
1221020102111110
In base 7, what is -315300043 - 1?
-315300044
In base 3, what is -10222011001221 - -2102?
-10222010222112
In base 8, what is 4 + -5216713?
-5216707
In base 12, what is 3347126 - 4?
3347122
In base 7, what is -236 - 1434303?
-1434542
In base 3, what is -11012102011112 + 11?
-11012102011101
In base 15, what is -61d + a0cb?
99ad
In base 15, what is 4 - -2003377?
200337b
In base 14, what is -1942a53 - c?
-1942a61
In base 3, what is -12010121 - -210201211?
121121020
In base 12, what is 32b8 + 5ab5b?
62257
In base 12, what is 121a00b3 + 2?
121a00b5
In base 2, what is 1000 - -1000110011111101101110?
1000110011111101110110
In base 8, what is 4606 - -1177673?
1204501
In base 15, what is 5 + -50302?
-502ec
In base 10, what is -37 + 110314?
110277
In base 5, what is 1324300122 - -434?
1324301111
In base 11, what is 108166 - 13?
108153
In base 12, what is 9633266 + -2?
9633264
In base 16, what is -373df69 + 11?
-373df58
In base 8, what is 1717017 + 5?
1717024
In base 5, what is 2 + 120224143?
120224200
In base 11, what is 61 - -403429?
40348a
In base 16, what is -7516a - -10f?
-7505b
In base 4, what is -2 - -100200100203?
100200100201
In base 14, what is -1b + -c4ca0?
-c4cbb
In base 14, what is -1 + 584664?
584663
In base 3, what is -101212011110021201 + 12?
-101212011110021112
In base 4, what is 201022 - -1003000222?
1003201310
In base 2, what is 1010011001111100001 - -1111?
1010011001111110000
In base 11, what is 4 - 289173?
-28916a
In base 9, what is -40852238 + 12?
-40852226
In base 9, what is 106 + 1351466?
1351573
In base 13, what is -2999 - -203?
-2796
In base 12, what is -1a8ba3b - -4?
-1a8ba37
In base 6, what is 151044 - -1410?
152454
In base 12, what is -20284a + 27?
-202823
In base 9, what is -358 + 228826?
228457
In base 4, what is -2010211301002 - 2?
-2010211301010
In base 12, what is -49a5b4 + -12?
-49a606
In base 13, what is -15b6 - 2656?
-3c3c
In base 9, what is 88306436 + -7?
88306428
In base 4, what is -11211030213201 + -2?
-11211030213203
In base 2, what is 101 + 111101011111001011010?
111101011111001011111
In base 4, what is 211202 - 13102030?
-12230222
In base 10, what is -44 - 879228?
-879272
In base 6, what is 2501141 - -3011?
2504152
In base 7, what is 13226 - 15063?
-1534
In base 2, what is 100100101101100 + -10101010001?
100010000011011
In base 2, what is 1100100101001010101 - -11101?
1100100101001110010
In base 7, what is -66 - -2221523?
2221424
In base 3, what is -102200012 + 100221200?
-1201112
In base 3, what is -2012001021 - -201?
-2012000120
In base 13, what is -65 + -8585?
-861a
In base 14, what is 15b5 - 1a2?
1413
In base 2, what is -100011 - 1100010110101110001110?
-1100010110101110110001
In base 3, what is 1200021012000 + 10222?
1200021022222
In base 16, what is -20fe + -6b0?
-27ae
In base 3, what is 11 - -1211011120022?
1211011120110
In base 5, what is 3324020424 - -1321?
3324022300
In base 8, what is -2 + 12105712?
12105710
In base 8, what is -5 - -3502266?
3502261
In base 8, what is 100 + -2566130?
-2566030
In base 15, what is 3 - 1a8a01?
-1a89ed
In base 12, what is -343b931 - 5?
-343b936
In base 5, what is 234322 + 200112?
434434
In base 10, what is 5488490 - 62?
5488428
In base 3, what is 110021121011022 + 102?
110021121011201
In base 5, what is 10321341 - -124330?
11001221
In base 2, what is 101 - 110100100011010100010110111?
-110100100011010100010110010
In base 14, what is -c9c + c09d3?
bdb35
In base 7, what is 505145 + 4?
505152
In base 16, what is ff + 41ede?
41fdd
In base 2, what is 1101 + 1100001110110100000100?
1100001110110100010001
In base 8, what is 61224 - -21261?
102505
In base 4, what is 302310002223 - -13?
302310002302
In base 12, what is -9353 + -1742?
-aa95
In base 4, what is 111 + 1102023121?
1102023232
In base 9, what is 40045437 + -2?
40045435
In base 6, what is 3 - -4000531415?
4000531422
In base 6, what is 421201534 - -205?
421202143
In base 7, what is 11233513603 - -2?
11233513605
In base 6, what is 1021135032 + 3?
1021135035
In base 2, what is 10010 - 1111111011110000?
-1111111011011110
In base 3, what is 10201121022201 + -11100?
10201121011101
In base 10, what is -3812893 + 20?
-3812873
In base 16, what is 2ab60f + -5?
2ab60a
In base 10, what is -104236 - -84?
-104152
In base 10, what is 5 + 41879815?
41879820
In base 11, what is 58 + -6a0355?
-6a02a8
In base 7, what is 155431 - 45315?
110113
In base 7, what is -3 + 235143510?
235143504
In base 5, what is 323232200123 + 1?
323232200124
In base 6, what is 3050005404 - 0?
3050005404
In base 12, what is -7b84 + -27a?
-8242
In base 9, what is 166152 - 276?
165765
In base 15, what is -a7 + 4ae37?
4ad80
In base 13, what is -250790 - 7?
-250797
In base 9, what is -3 - -8222104?
8222101
In base 4, what is -123122303 + 112?
-123122131
In base 5, what is 232 - 341421?
-341134
In base 16, what is 4ae + 4ed?
99b
In base 11, what is 396067a + -95?
3960595
In base 13, what is 635ca + 1c19?
65516
In base 14, what is 1ac56 - 1d7?
1aa5d
In base 15, what is 2a95409 + 5?
2a9540e
In base 14, what is 5 - 11a436c?
-11a4367
In base 3, what is -101 + -1102121100020?
-1102121100121
In base 11, what is -4 - 4662876?
-466287a
In base 9, 